= -112*d + 2. Calculate the remainder when z(-1) is divided by 29.
27
Let h(n) = -n**3 + 7*n**2 + 9. Let b be h(7). Suppose -5*r = -b - 16. What is the remainder when (-1)/((-1)/14) - 1 is divided by r?
3
Let g = 4 - 2. Suppose -2*v = g*v - 44. Calculate the remainder when v is divided by 4.
3
Let g(i) = 2*i + 13. Let f be g(-9). Let y be f/5 - (1 + -5). Suppose -y*z = -87 + 24. What is the remainder when z is divided by 6?
3
Let i be 0 + (-2)/(-1) + 0. Let m = i + 5. Let l(v) = 8*v + 2. What is the remainder when l(3) is divided by m?
5
Suppose 4*i - 95 = 3*k, -3 = i + 2*k - 13. Suppose u - 39 = -c, -c = 4*u - 5*u - 39. What is the remainder when c is divided by i?
19
Suppose 10*k - 52 - 98 = 0. Let a = -52 + 94. What is the remainder when a is divided by k?
12
Let n = 59 + -8. Suppose n = 3*p - 3. Calculate the remainder when p is divided by 10.
8
Suppose -l = -3*w + 19, -4*w + 3*l + 17 = -3*w. Suppose -w*n - 22 = -67. What is the remainder when 16 is divided by n?
7
What is the remainder when 56 is divided by ((-24)/14)/((-21)/196)?
8
Suppose 0*o + 150 = 5*o. Let i = -18 + o. Calculate the remainder when (-6)/4*(-2 - i) is divided by 8.
5
Let y(q) = 2*q**2 - 28*q + 20. What is the remainder when 76 is divided by y(14)?
16
Let o(v) = -6*v + 2. Let g be o(-7). Let n = g - 31. Calculate the remainder when 38 is divided by n.
12
Let o = 51 - 38. What is the remainder when 62 is divided by o?
10
Suppose -p - 4 = -2*p - 3*m, p - 36 = 5*m. Calculate the remainder when p is divided by ((-9)/5)/((-18)/60).
4
Let o(a) = -7*a**2 + 4*a + 4. Let j(k) = 11*k**2 - 6*k - 6. Let x(d) = -5*j(d) - 8*o(d). What is the remainder when x(-4) is divided by 6?
4
Suppose 3*b = -12, -4*u + 244 = -6*b + 2*b. Calculate the remainder when u is divided by 15.
12
Let l = 1 - -3. Suppose y - 2*y = -2. What is the remainder when l is divided by y?
0
Suppose v - 5*b + 3 = 6, -2*b = -3*v - 56. Let u = v - -46. Calculate the remainder when u is divided by 9.
6
Suppose -2*s - 3*s + g = 13, 16 = -2*s + 4*g. Let f = 10 - 16. What is the remainder when 18 is divided by ((-3)/f - s)*2?
3
Let m(f) = f**3 + 18*f**2 + 12*f - 32. What is the remainder when m(-17) is divided by 18?
17
Calculate the remainder when (-1113)/(-24) - (-27)/(-72) is divided by 13.
7
Suppose -688 = -6*h - 274. What is the remainder when h is divided by 25?
19
Suppose 25 = 4*w - 7. Calculate the remainder when 23 is divided by w.
7
Suppose -2*z + 97 = 3*h + 2*z, -h + 23 = -z. Let u(k) = k**3 - 4*k**2 + 8*k - 22. Calculate the remainder when h is divided by u(4).
7
Let w be 24/(-14) - 2/7. Suppose -4*c + 3*p = -185, -7*p + 2*p + 52 = c. What is the remainder when c is divided by 2/(w/(4*-4))?
15
Let j(r) = 2*r**2 - r + 5. Let c be j(-4). Let k = -18 + c. Let o = -5 - -13. What is the remainder when k is divided by o?
7
Let a = 3 + -1. Suppose 4*d - 2*b = 106, -5*b + a*b - 47 = -2*d. What is the remainder when 81 is divided by d?
25
Suppose -3*y + 78 = -33. What is the remainder when y is divided by 8?
5
Let q = -22 + 30. Calculate the remainder when q is divided by 6.
2
Let s(i) = i**3 + 12*i**2 - i + 5. Let j be s(-12). Suppose -3*u + 16 = -j. Calculate the remainder when 31 is divided by u.
9
Suppose 4*n - 7*n = 210. Let t = n - -120. Calculate the remainder when t is divided by 17.
16
Let a(f) = -f**2 - 6*f + 3. Let v = 12 - 7. What is the remainder when v is divided by a(-6)?
2
Suppose 0*r + 81 = -3*r. Let i = 5 + r. What is the remainder when 22 is divided by (-4)/i - 130/(-11)?
10
Suppose 5*g + 36 = u + 90, 0 = -5*g - u + 56. Calculate the remainder when -34 + 36 + 2*25 is divided by g.
8
Let b(f) = -f**3 + 6*f**2 + 3*f - 9. What is the remainder when 43 is divided by b(6)?
7
Let w(l) = l. Suppose -j - 3*j + 24 = 0. Let b = j - -1. What is the remainder when w(b) is divided by 4?
3
Let g = 22 - 15. Suppose j + 37 = 4*a - 28, -a - 5*j + 32 = 0. Calculate the remainder when a - 2 - (2 - 0) is divided by g.
6
Calculate the remainder when ((-2)/3)/(-1)*3 is divided by 1.
0
Let a = 206 - 55. Suppose 0 = 4*g - a + 39. What is the remainder when g is divided by (-1)/(-1) + 2 + 12?
13
Let m(h) = -h**3 - 7*h**2 - 4*h - 6. Let v = 1 - -2. Let a(z) = -z**3 + 5*z**2 - z - 3. Calculate the remainder when m(-7) is divided by a(v).
10
Calculate the remainder when -2*2/(-8)*218 is divided by 28.
25
Suppose 675 = 5*t - 10. What is the remainder when t is divided by 35?
32
Let u = -4 - -10. Calculate the remainder when (-1)/(-3) - 1079/(-39) is divided by u.
4
Let j(x) = -2*x**3 + x**2. Let g be j(-1). Suppose -g - 7 = -2*a. Calculate the remainder when a is divided by 3.
2
Suppose 61 + 51 = 4*h. What is the remainder when 83 is divided by h?
27
Suppose 5 = -3*k - q - 0, 0 = -5*k - 3*q - 7. Let i be ((-6)/(-4) + k)*34. Let j = 24 + i. Calculate the remainder when j is divided by 3.
1
Let c = -3 + 6. Suppose 13*x = 34 + 57. Calculate the remainder when x is divided by c.
1
Calculate the remainder when (-1)/((-92)/60 + 3/2) is divided by 126/8 + (-1)/(-4).
14
Suppose -5*o = -0*o - 95. Let u = o - 12. Calculate the remainder when 46 is divided by u.
4
Let x = -3 - -15. Let q(h) = 1. Let o(y) = 4*y. Let w(s) = o(s) + 2*q(s). Calculate the remainder when w(5) is divided by x.
10
Let a(l) = 26*l**2 - 11*l - 8. Let s(w) = -9*w**2 + 4*w + 3. Let t(o) = 4*a(o) + 11*s(o). What is the remainder when 9 is divided by t(1)?
3
Let b(u) = u**3 - 9*u**2 - 7*u - 9. Calculate the remainder when 60 is divided by b(10).
18
Let y(g) = 25*g**3 - 2*g + 1. Suppose -3*c = 3, 11*s - 6*s - 4*c = 9. What is the remainder when y(s) is divided by 13?
11
Calculate the remainder when 26 is divided by 10/3*(4 - 1).
6
Let q(d) = 41*d**2 + 3*d - 1. Calculate the remainder when q(1) is divided by 22.
21
Let q be (-3 + 4)/((-1)/2). Let t = 7 - q. Let c(i) = 4*i**2 - 2*i - 3. Calculate the remainder when c(-2) is divided by t.
8
What is the remainder when 35 is divided by 4/(-3)*(-81)/6?
17
Suppose 5*u + 4*s + 1 = 0, -5*u + 0*u - s = 4. Let y = -12 + 2. Let w = u - y. Calculate the remainder when 35 is divided by w.
8
Let x = 38 + 25. Calculate the remainder when x is divided by 13.
11
Let h(z) = z**2 - 3*z - 11. Calculate the remainder when h(-5) is divided by 16.
13
Suppose 123 = 4*u - 3*k, -4*k = -5*u + 2*u + 94. Suppose -2*c + c + 1 = 3*q, -3*q - 79 = -4*c. Calculate the remainder when u is divided by c.
14
Let t(c) = c - 7. Let o be t(-5). Calculate the remainder when 0 + (-1 - o) + 0 is divided by 6.
5
Let o = 7 + 14. Suppose 6 - o = -5*t. Calculate the remainder when t is divided by 2.
1
Suppose -4*o + 18 + 38 = 0. Suppose -3*g + 1 = 2*m, o = 5*m - 2*m + 2*g. Calculate the remainder when (4/(-10))/(4/(-140)) is divided by m.
6
Let r = -13 - -18. Suppose 3*m + 58 = r*u, 5*u - 52 = -0*m - 3*m. What is the remainder when 20 is divided by u?
9
Let o = -162 + 254. What is the remainder when o is divided by 31?
30
Let t(p) = p + 13. Let f be t(6). Suppose -f = -2*i - 3*o, -4*i + 0*o + 34 = 2*o. Calculate the remainder when -6*(-14)/4 - 0 is divided by i.
5
Suppose -2*b - 3*g + 16 = 0, -2*b + 0*g = -g. Let f = b - -1. Calculate the remainder when f is divided by ((-6)/15)/(3/(-15)).
1
Suppose f - 5*p = 4*f + 120, -2*f + 5*p - 80 = 0. Let j = f + 56. Calculate the remainder when 60 is divided by j.
12
Let i = -2 + 0. Let g = 1 - i. Let y(x) = -x**3 - 5*x**2 - 5*x + 1. What is the remainder when y(-4) is divided by g?
2
Let k(s) = 4*s + 3*s**2 + 1 - 2*s + s**3 + 2. Let l be (10 + -5)*(-4)/10. Calculate the remainder when k(l) is divided by 2.
1
Let z be 4/8 + 6/4. Suppose d = 5*t + 18, -z*d - t = -4*d. What is the remainder when 31 is divided by ((-3)/3)/d*22?
9
Let l = -12 - -38. What is the remainder when l is divided by 7?
5
Suppose -3*w + 2 = 2*d - 19, 0 = -5*w - 5. Let q = -5 + 6. Suppose -q = p - d. Calculate the remainder when p is divided by 4.
3
Suppose -2*o + o - 2*t - 121 = 0, -3*t = -6. Let n = -86 - o. What is the remainder when n is divided by 20?
19
Let u(r) = -r**3 + 7*r**2 + 2. Calculate the remainder when u(6) is divided by 2/10 - 384/(-30).
12
Let a(z) = z + 6. Let u be a(-4). Suppose -4*t - 115 + 305 = 3*j, -j + 94 = u*t. What is the remainder when t is divided by 12?
10
Suppose -33*j + 36*j = 57. What is the remainder when j is divided by